 of 42241940 and 442.
442
Calculate the greatest common divisor of 126462556 and 33649.
4807
Calculate the highest common factor of 57344 and 1856.
64
What is the highest common divisor of 258831 and 486?
9
Calculate the highest common factor of 84 and 2410234764.
84
Calculate the highest common factor of 9545 and 11379549.
1909
Calculate the highest common divisor of 216 and 205766919.
27
What is the highest common factor of 87840 and 434381?
61
What is the highest common divisor of 16 and 6996794608?
16
What is the highest common factor of 452 and 114960?
4
What is the highest common divisor of 1249900783 and 87?
29
What is the greatest common divisor of 9408 and 9256656?
48
Calculate the highest common factor of 502343 and 299.
23
Calculate the greatest common factor of 2690 and 74947435.
1345
Calculate the highest common factor of 5589 and 81817857.
243
What is the highest common factor of 72705 and 2753910?
555
What is the greatest common divisor of 1846592 and 492866?
946
Calculate the highest common factor of 3886265 and 8838.
491
Calculate the highest common factor of 6308 and 82156.
76
What is the greatest common factor of 22230 and 14554?
38
Calculate the highest common divisor of 5147102 and 14.
2
What is the highest common factor of 460364 and 77532?
284
What is the highest common factor of 115995 and 484077?
33
Calculate the greatest common divisor of 5760 and 1438074240.
1920
Calculate the highest common factor of 337284 and 732.
12
Calculate the highest common factor of 35 and 17848950.
35
Calculate the highest common factor of 65475704 and 28.
28
Calculate the highest common divisor of 2813203 and 1943.
29
Calculate the greatest common divisor of 24265611 and 31707.
2439
What is the highest common factor of 404 and 3544999?
101
What is the highest common divisor of 22789 and 31876?
13
Calculate the highest common divisor of 2261862105 and 870.
435
Calculate the highest common factor of 228215 and 910.
65
What is the highest common divisor of 16543576 and 2058?
686
Calculate the greatest common factor of 127659056 and 35.
7
What is the greatest common factor of 9386174 and 28?
14
Calculate the highest common factor of 50706 and 1816026.
1878
What is the highest common factor of 5017027 and 1?
1
Calculate the greatest common factor of 221622465 and 15.
15
Calculate the greatest common divisor of 4268 and 94693049.
1067
What is the highest common factor of 133 and 2898581?
7
Calculate the highest common divisor of 17172656 and 304.
304
Calculate the greatest common factor of 54602 and 205804.
46
What is the highest common factor of 114193389 and 438?
219
Calculate the greatest common factor of 137760 and 3945676.
1148
Calculate the highest common factor of 4189 and 615901.
59
What is the greatest common factor of 26808656 and 44627?
4057
Calculate the greatest common divisor of 122437875 and 44625.
2625
Calculate the greatest common factor of 13234450 and 150.
50
Calculate the greatest common factor of 4236804 and 396.
396
What is the highest common divisor of 80812 and 183416?
908
What is the highest common factor of 2174486 and 10047?
197
What is the greatest common divisor of 71882 and 23005636?
566
Calculate the highest common factor of 470756 and 47476.
572
Calculate the highest common divisor of 68213928 and 17.
17
Calculate the greatest common factor of 35127069 and 74061.
633
What is the highest common factor of 8094 and 3143667?
213
What is the greatest common divisor of 6930 and 639912?
42
What is the highest common divisor of 4680 and 36861760?
520
What is the highest common factor of 454920 and 37160?
40
Calculate the highest common divisor of 1194669 and 115584.
903
What is the greatest common factor of 426 and 162006?
6
Calculate the highest common factor of 1691 and 890801.
89
What is the highest common factor of 2599320 and 96?
24
Calculate the highest common divisor of 21085512 and 7392.
168
What is the greatest common divisor of 618 and 11428468?
206
Calculate the highest common divisor of 34128 and 1384949.
79
What is the highest common divisor of 20415510 and 498?
498
Calculate the highest common divisor of 1156237 and 14309.
349
What is the greatest common factor of 7087 and 2359598?
373
Calculate the highest common divisor of 143 and 2249819.
143
Calculate the highest common divisor of 2425 and 193968475.
2425
What is the greatest common divisor of 1147266 and 74322?
18
What is the greatest common factor of 1330945 and 20075?
55
What is the highest common divisor of 58 and 46319554?
58
What is the greatest common factor of 50810 and 162810?
10
Calculate the highest common divisor of 14093 and 1824629.
829
What is the highest common factor of 4748 and 315554454?
2374
Calculate the highest common factor of 12885933 and 146067.
543
Calculate the highest common factor of 38 and 483181571.
19
What is the highest common factor of 246 and 8296432?
82
Calculate the highest common factor of 124247681 and 121136.
7571
Calculate the highest common divisor of 2471 and 10816979.
353
Calculate the highest common divisor of 5202459 and 3774.
1887
What is the greatest common divisor of 55407 and 150?
3
Calculate the highest common divisor of 24266979 and 3861.
297
What is the highest common factor of 1570875 and 55755?
885
Calculate the highest common factor of 332641544 and 148.
148
What is the greatest common factor of 14424381 and 136?
17
Calculate the highest common divisor of 147049 and 457.
1
What is the greatest common factor of 66225 and 6003517?
883
What is the highest common factor of 38950 and 518225?
475
Calculate the greatest common divisor of 146761 and 42008.
89
Calculate the highest common divisor of 454 and 286756842.
454
Calculate the greatest common factor of 810 and 12654860.
10
What is the greatest common divisor of 64 and 1175864256?
64
What is the greatest common divisor of 62190 and 17250?
30
What is the greatest common divisor of 68 and 13231729?
17
Calculate the highest common divisor of 788529897 and 9681.
1383
What is the greatest common divisor of 2297446 and 356?
178
What is the highest common divisor of 372394 and 11946?
22
Calculate the greatest common factor of 45 and 78556260.
15
What is the highest common factor of 2304 and 1881408?
192
Calculate the greatest common divisor of 1155 and 1481784535.
385
Calculate the highest common factor of 2375417 and 759.
253
What is the greatest common factor of 4168740 and 326910?
510
Calculate the highest common divisor of 18942 and 4294422.
2706
What is the highest common factor of 111111422 and 34?
34
What is the greatest common divisor of 11430725 and 175?
25
What is the highest common divisor of 6165 and 471735?
45
Calculate the greatest common factor of 178295 and 1237093.
2743
Calculate the highest common divisor of 200 and 4278880.
40
What is the greatest common divisor of 176616 and 2155518?
4014
Calculate the greatest common factor of 1499245 and 60555.
55
Calculate the highest common factor of 19057 and 145173217.
1003
Calculate the greatest common factor of 15224 and 5696284.
44
What is the greatest common factor of 8439 and 18624?
291
Calculate the highest common divisor of 230350 and 24395.
85
Calculate the greatest common factor of 242100 and 1053000.
900
Calculate the highest common factor of 7258152 and 4503.
57
Calculate the highest common factor of 68099496 and 9120.
456
Calculate the greatest common factor of 1289124 and 1344.
12
Calculate the greatest common factor of 340808295 and 1665.
555
Calculate the highest common factor of 2700 and 3933175.
25
Calculate the highest common divisor of 769499 and 2611.
373
Calculate the highest common factor of 1326 and 981474.
78
What is the highest common divisor of 25623 and 734292?
351
Calculate the greatest common divisor of 6 and 918187050.
6
Calculate the highest common factor of 441236 and 325522.
94
What is the highest common divisor of 35 and 198330419?
7
What is the highest common divisor of 92598198 and 231?
231
What is the highest common divisor of 15281344 and 832?
832
What is the greatest common factor of 45374850 and 122?
122
Calculate the greatest common divisor of 25663 and 2829929.
2333
What is the greatest common factor of 15485 and 25919895?
95
What is the greatest commo